e remainder when 26 is divided by 14.
12
Calculate the remainder when 2569 is divided by 364.
21
Calculate the remainder when 57 is divided by 32.
25
What is the remainder when 112 is divided by 101?
11
What is the remainder when 263 is divided by 12?
11
Calculate the remainder when 199 is divided by 39.
4
What is the remainder when 193 is divided by 74?
45
What is the remainder when 328 is divided by 223?
105
What is the remainder when 808 is divided by 371?
66
Calculate the remainder when 527 is divided by 251.
25
Calculate the remainder when 187 is divided by 58.
13
Calculate the remainder when 22 is divided by 4.
2
Calculate the remainder when 116 is divided by 21.
11
Calculate the remainder when 77 is divided by 26.
25
Calculate the remainder when 185 is divided by 21.
17
What is the remainder when 5727 is divided by 6?
3
What is the remainder when 583 is divided by 113?
18
What is the remainder when 377 is divided by 20?
17
What is the remainder when 825 is divided by 69?
66
What is the remainder when 73 is divided by 8?
1
Calculate the remainder when 3 is divided by 3.
0
Calculate the remainder when 166 is divided by 25.
16
What is the remainder when 44 is divided by 35?
9
Calculate the remainder when 1074 is divided by 120.
114
What is the remainder when 80 is divided by 46?
34
Calculate the remainder when 3746 is divided by 25.
21
What is the remainder when 120 is divided by 22?
10
Calculate the remainder when 385 is divided by 21.
7
What is the remainder when 104 is divided by 56?
48
What is the remainder when 431 is divided by 5?
1
Calculate the remainder when 453 is divided by 251.
202
What is the remainder when 154 is divided by 67?
20
Calculate the remainder when 40 is divided by 9.
4
What is the remainder when 223 is divided by 163?
60
What is the remainder when 674 is divided by 97?
92
Calculate the remainder when 231 is divided by 16.
7
Calculate the remainder when 1845 is divided by 42.
39
What is the remainder when 355 is divided by 117?
4
What is the remainder when 71 is divided by 26?
19
What is the remainder when 395 is divided by 96?
11
What is the remainder when 4932 is divided by 76?
68
Calculate the remainder when 933 is divided by 9.
6
Calculate the remainder when 761 is divided by 184.
25
What is the remainder when 1504 is divided by 29?
25
Calculate the remainder when 2584 is divided by 200.
184
What is the remainder when 171 is divided by 47?
30
Calculate the remainder when 445 is divided by 28.
25
Calculate the remainder when 489 is divided by 35.
34
Calculate the remainder when 448 is divided by 160.
128
What is the remainder when 768 is divided by 14?
12
Calculate the remainder when 3070 is divided by 181.
174
Calculate the remainder when 1308 is divided by 29.
3
What is the remainder when 1402 is divided by 108?
106
Calculate the remainder when 13184 is divided by 21.
17
Calculate the remainder when 402 is divided by 157.
88
Calculate the remainder when 109 is divided by 6.
1
What is the remainder when 1319 is divided by 215?
29
What is the remainder when 2881 is divided by 17?
8
Calculate the remainder when 531 is divided by 107.
103
Calculate the remainder when 356 is divided by 145.
66
Calculate the remainder when 277 is divided by 70.
67
Calculate the remainder when 55 is divided by 16.
7
Calculate the remainder when 7221 is divided by 25.
21
What is the remainder when 1595 is divided by 123?
119
Calculate the remainder when 345 is divided by 42.
9
Calculate the remainder when 196 is divided by 20.
16
What is the remainder when 1759 is divided by 3?
1
What is the remainder when 195 is divided by 20?
15
What is the remainder when 118 is divided by 12?
10
What is the remainder when 118 is divided by 7?
6
What is the remainder when 354 is divided by 85?
14
Calculate the remainder when 164 is divided by 36.
20
What is the remainder when 2219 is divided by 251?
211
Calculate the remainder when 62 is divided by 33.
29
What is the remainder when 225 is divided by 57?
54
What is the remainder when 1631 is divided by 269?
17
Calculate the remainder when 23 is divided by 9.
5
What is the remainder when 1318 is divided by 132?
130
Calculate the remainder when 145 is divided by 57.
31
Calculate the remainder when 2745 is divided by 306.
297
Calculate the remainder when 364 is divided by 179.
6
What is the remainder when 202 is divided by 30?
22
Calculate the remainder when 83695 is divided by 23.
21
Calculate the remainder when 148 is divided by 76.
72
What is the remainder when 152 is divided by 45?
17
What is the remainder when 175 is divided by 37?
27
Calculate the remainder when 437 is divided by 112.
101
Calculate the remainder when 35 is divided by 9.
8
What is the remainder when 349 is divided by 21?
13
What is the remainder when 1539 is divided by 44?
43
What is the remainder when 5263 is divided by 112?
111
Calculate the remainder when 1409 is divided by 241.
204
What is the remainder when 4007 is divided by 191?
187
Calculate the remainder when 1257 is divided by 63.
60
What is the remainder when 640 is divided by 107?
105
Calculate the remainder when 1529 is divided by 301.
24
What is the remainder when 454 is divided by 79?
59
Calculate the remainder when 203 is divided by 12.
11
What is the remainder when 483 is divided by 56?
35
Calculate the remainder when 5753 is divided by 57.
53
Calculate the remainder when 115 is divided by 10.
5
Calculate the remainder when 1557 is divided by 305.
32
Calculate the remainder when 534 is divided by 3.
0
Calculate the remainder when 133 is divided by 17.
14
What is the remainder when 149 is divided by 13?
6
What is the remainder when 424 is divided by 92?
56
Calculate the remainder when 478 is divided by 16.
14
Calculate the remainder when 86 is divided by 20.
6
What is the remainder when 253 is divided by 107?
39
What is the remainder when 2565 is divided by 89?
73
What is the remainder when 22 is divided by 3?
1
Calculate the remainder when 777 is divided by 20.
17
Calculate the remainder when 466 is divided by 94.
90
Calculate the remainder when 261 is divided by 88.
85
What is the remainder when 516 is divided by 101?
11
What is the remainder when 3933 is divided by 20?
13
What is the remainder when 292 is divided by 93?
13
Calculate the remainder when 72 is divided by 24.
0
What is the remainder when 49 is divided by 5?
4
What is the remainder when 97 is divided by 37?
23
Calculate the remainder when 533 is divided by 526.
7
Calculate the remainder when 935 is divided by 8.
7
What is the remainder when 870 is divided by 407?
56
Calculate the remainder when 165 is divided by 130.
35
What is the remainder when 187 is divided by 41?
23
What is the remainder when 531 is divided by 174?
9
What is the remainder when 203 is divided by 26?
21
Calculate the remainder when 59 is divided by 27.
5
What is the remainder when 176 is divided by 12?
8
Calculate the remainder when 2963 is divided by 5.
3
What is the remainder when 301 is divided by 52?
41
Calculate the remainder when 245 is divided by 85.
75
What is the remainder when 707 is divided by 78?
5
What is the remainder when 1723 is divided by 109?
88
What is the remainder when 116 is divided by 9?
8
What is the remainder when 4515 is divided by 46?
7
What is the remainder when 875 is divided by 59?
49
Calculate the remainder when 2120 is divided by 7.
6
Calculate the remainder when 254 is divided by 79.
17
Calculate the remainder when 287 is divided by 8.
7
Calculate the remainder when 6473 is divided by 39.
38
Calculate the remainder when 3168 is divided by 106.
94
What is the remainder when 646 is divided by 175?
121
What is the remainder when 526 is divided by 41?
34
What is the remainder when 2904 is divided by 224?
216
What is the remainder when 1376 is divided by 53?
51
What is the remainder when 279 is divided by 69?
3
What is the remainder when 206 is divided by 166?
40
What is the remainder when 307 is divided by 178?
129
Calculate the remainder when 467 is divided by 53.
43
Calculate the remainder when 297 is divided by 25.
22
Calculate the remainder when 672 is divided by 324.
24
What is the remainder when 620 is divided by 89?
86
Calculate the remainder when 41 is divided by 13.
2
Calculate the remaind